{"id":11,"date":"2022-04-08T07:58:04","date_gmt":"2022-04-08T07:58:04","guid":{"rendered":"https:\/\/sundhedshuset-rungsted.dk\/?page_id=11"},"modified":"2022-05-18T12:54:01","modified_gmt":"2022-05-18T12:54:01","slug":"projektet","status":"publish","type":"page","link":"https:\/\/sundhedshuset-rungsted.dk\/?page_id=11","title":{"rendered":"PROJEKTET"},"content":{"rendered":"\n<div style=\"height:110px\" aria-hidden=\"true\" class=\"wp-block-spacer\"><\/div>\n\n\n\n<div class=\"wp-block-genesis-blocks-gb-container alignfull gb-block-container\"><div class=\"gb-container-inside\"><div class=\"gb-container-content\" style=\"max-width:1600px\">\n<div class=\"wp-block-cover alignwide is-light\" style=\"min-height:400px;aspect-ratio:unset;\"><span aria-hidden=\"true\" class=\"has-background-dim-0 wp-block-cover__gradient-background has-background-dim\"><\/span><img loading=\"lazy\" decoding=\"async\" width=\"1628\" height=\"1084\" class=\"wp-block-cover__image-background wp-image-230\" alt=\"\" src=\"https:\/\/sundhedshuset-rungsted.dk\/wp-content\/uploads\/2022\/05\/Screenshot-2022-05-17-at-12.46.43-edited.png\" style=\"object-position:60% 71%\" data-object-fit=\"cover\" data-object-position=\"60% 71%\" srcset=\"https:\/\/sundhedshuset-rungsted.dk\/wp-content\/uploads\/2022\/05\/Screenshot-2022-05-17-at-12.46.43-edited.png 1628w, https:\/\/sundhedshuset-rungsted.dk\/wp-content\/uploads\/2022\/05\/Screenshot-2022-05-17-at-12.46.43-edited-300x200.png 300w, https:\/\/sundhedshuset-rungsted.dk\/wp-content\/uploads\/2022\/05\/Screenshot-2022-05-17-at-12.46.43-edited-1024x682.png 1024w, https:\/\/sundhedshuset-rungsted.dk\/wp-content\/uploads\/2022\/05\/Screenshot-2022-05-17-at-12.46.43-edited-768x511.png 768w, https:\/\/sundhedshuset-rungsted.dk\/wp-content\/uploads\/2022\/05\/Screenshot-2022-05-17-at-12.46.43-edited-1536x1023.png 1536w, https:\/\/sundhedshuset-rungsted.dk\/wp-content\/uploads\/2022\/05\/Screenshot-2022-05-17-at-12.46.43-edited-600x400.png 600w\" sizes=\"auto, (max-width: 1628px) 100vw, 1628px\" \/><div class=\"wp-block-cover__inner-container is-layout-flow wp-block-cover-is-layout-flow\">\n<p class=\"has-text-align-center has-large-font-size\"><\/p>\n<\/div><\/div>\n<\/div><\/div><\/div>\n\n\n\n<div style=\"margin-top:3%;margin-bottom:3.5%\" class=\"wp-block-genesis-blocks-gb-container alignwide fade-in-up gb-block-container\"><div class=\"gb-container-inside\"><div class=\"gb-container-content\" style=\"max-width:1600px\">\n<h3 class=\"has-text-align-center wp-block-heading\">Omgivet af k\u00e6rlighed n\u00e5r<br>man tr\u00e6der ind i bygningen<\/h3>\n<\/div><\/div><\/div>\n\n\n\n<div class=\"wp-block-genesis-blocks-gb-container aligncenter gb-block-container\"><div class=\"gb-container-inside\"><div class=\"gb-container-content\">\n<div class=\"wp-block-columns fade-in-up is-layout-flex wp-container-core-columns-is-layout-9d6595d7 wp-block-columns-is-layout-flex\">\n<div class=\"wp-block-column is-layout-flow wp-block-column-is-layout-flow\">\n<p>Sundhedshuset giver adgang til praksisser i sundhed og velv\u00e6re, samt lokaler til aktiviteter for lokalsamfundet. Vi tager udgangspunkt i funktionalitet, kvalitet og fejring af de kulturhistoriske pr\u00e6g bygningen har.<br>&nbsp;<br>Bygningen kommer til at rumme kliniklokaler, et f\u00e6lles venteomr\u00e5de, en kantine samt en gymnastiksal, hvor der bliver plads til aktiviteter som yoga, tai chi, lektiecaf\u00e9, socialt samv\u00e6r, eller st\u00f8rre f\u00e6lles arrangementer som foredrag og debataftener. Gymnastiksalen bliver ogs\u00e5 mulig at leje for eksterne brugere. <\/p>\n<\/div>\n\n\n\n<div class=\"wp-block-column is-layout-flow wp-block-column-is-layout-flow\">\n<p>Her prioriteres funktionalitet og god akustik, et godt indeklima og oplevelsesrige rum.<br><br>Vi udnytter det \u00f8verste plan til b\u00e5de bolig og erhverv, hvor materialer og h\u00e5ndv\u00e6rk fra resten af projektet vil v\u00e6re gennemg\u00e5ende.&nbsp;<br><br>Det tidligere Fritidshus\u2019 flotte rumligheder bliver opgraderet, og der bliver prioriteret det gode h\u00e5ndv\u00e6rk og naturmaterialer, som skaber nye lag i fort\u00e6llingen om Fritidshuset som bevaringsv\u00e6rdig bygning.<\/p>\n<\/div>\n<\/div>\n\n\n\n<div class=\"wp-block-columns fade-in-up is-layout-flex wp-container-core-columns-is-layout-9d6595d7 wp-block-columns-is-layout-flex\">\n<div class=\"wp-block-column is-layout-flow wp-block-column-is-layout-flow\">\n<div class=\"wp-block-image\"><figure class=\"aligncenter size-full\"><a href=\"https:\/\/sundhedshuset-rungsted.dk\/wp-content\/uploads\/2022\/04\/plan1.jpg\"><img loading=\"lazy\" decoding=\"async\" width=\"597\" height=\"448\" src=\"https:\/\/sundhedshuset-rungsted.dk\/wp-content\/uploads\/2022\/05\/plan1-edited.jpg\" alt=\"\" class=\"wp-image-280\" srcset=\"https:\/\/sundhedshuset-rungsted.dk\/wp-content\/uploads\/2022\/05\/plan1-edited.jpg 597w, https:\/\/sundhedshuset-rungsted.dk\/wp-content\/uploads\/2022\/05\/plan1-edited-300x225.jpg 300w\" sizes=\"auto, (max-width: 597px) 100vw, 597px\" \/><\/a><\/figure><\/div>\n\n\n\n<p class=\"has-text-align-center\">Stueplan<\/p>\n<\/div>\n\n\n\n<div class=\"wp-block-column is-layout-flow wp-block-column-is-layout-flow\">\n<div class=\"wp-block-image\"><figure class=\"aligncenter size-full\"><a href=\"https:\/\/sundhedshuset-rungsted.dk\/wp-content\/uploads\/2022\/04\/PLAN2.jpg\"><img loading=\"lazy\" decoding=\"async\" width=\"597\" height=\"448\" src=\"https:\/\/sundhedshuset-rungsted.dk\/wp-content\/uploads\/2022\/05\/PLAN2-edited.jpg\" alt=\"\" class=\"wp-image-276\" srcset=\"https:\/\/sundhedshuset-rungsted.dk\/wp-content\/uploads\/2022\/05\/PLAN2-edited.jpg 597w, https:\/\/sundhedshuset-rungsted.dk\/wp-content\/uploads\/2022\/05\/PLAN2-edited-300x225.jpg 300w\" sizes=\"auto, (max-width: 597px) 100vw, 597px\" \/><\/a><\/figure><\/div>\n\n\n\n<p class=\"has-text-align-center\">1. Sal<\/p>\n<\/div>\n<\/div>\n\n\n\n<div class=\"wp-block-columns fade-in-up is-layout-flex wp-container-core-columns-is-layout-9d6595d7 wp-block-columns-is-layout-flex\">\n<div class=\"wp-block-column is-layout-flow wp-block-column-is-layout-flow\">\n<div class=\"wp-block-image\"><figure class=\"aligncenter size-full\"><a href=\"https:\/\/sundhedshuset-rungsted.dk\/wp-content\/uploads\/2022\/04\/PLAN3.jpg\"><img loading=\"lazy\" decoding=\"async\" width=\"597\" height=\"448\" src=\"https:\/\/sundhedshuset-rungsted.dk\/wp-content\/uploads\/2022\/05\/PLAN3-edited-1.jpg\" alt=\"\" class=\"wp-image-281\" srcset=\"https:\/\/sundhedshuset-rungsted.dk\/wp-content\/uploads\/2022\/05\/PLAN3-edited-1.jpg 597w, https:\/\/sundhedshuset-rungsted.dk\/wp-content\/uploads\/2022\/05\/PLAN3-edited-1-300x225.jpg 300w\" sizes=\"auto, (max-width: 597px) 100vw, 597px\" \/><\/a><\/figure><\/div>\n\n\n\n<p class=\"has-text-align-center\">2. Sal<\/p>\n<\/div>\n\n\n\n<div class=\"wp-block-column is-layout-flow wp-block-column-is-layout-flow\">\n<div class=\"wp-block-image\"><figure class=\"aligncenter size-full\"><a href=\"https:\/\/sundhedshuset-rungsted.dk\/wp-content\/uploads\/2022\/04\/PLAN4.jpg\"><img loading=\"lazy\" decoding=\"async\" width=\"597\" height=\"448\" src=\"https:\/\/sundhedshuset-rungsted.dk\/wp-content\/uploads\/2022\/05\/PLAN4-edited-1.jpg\" alt=\"\" class=\"wp-image-282\" srcset=\"https:\/\/sundhedshuset-rungsted.dk\/wp-content\/uploads\/2022\/05\/PLAN4-edited-1.jpg 597w, https:\/\/sundhedshuset-rungsted.dk\/wp-content\/uploads\/2022\/05\/PLAN4-edited-1-300x225.jpg 300w\" sizes=\"auto, (max-width: 597px) 100vw, 597px\" \/><\/a><\/figure><\/div>\n\n\n\n<p class=\"has-text-align-center\">3. Sal<\/p>\n<\/div>\n<\/div>\n<\/div><\/div><\/div>\n","protected":false},"excerpt":{"rendered":"","protected":false},"author":2,"featured_media":0,"parent":0,"menu_order":0,"comment_status":"closed","ping_status":"closed","template":"","meta":{"_genesis_hide_title":false,"_genesis_hide_breadcrumbs":false,"_genesis_hide_singular_image":false,"_genesis_hide_footer_widgets":false,"_genesis_custom_body_class":"","_genesis_custom_post_class":"","_genesis_layout":"","footnotes":""},"class_list":{"0":"post-11","1":"page","2":"type-page","3":"status-publish","5":"entry"},"featured_image_src":null,"featured_image_src_square":null,"_links":{"self":[{"href":"https:\/\/sundhedshuset-rungsted.dk\/index.php?rest_route=\/wp\/v2\/pages\/11","targetHints":{"allow":["GET"]}}],"collection":[{"href":"https:\/\/sundhedshuset-rungsted.dk\/index.php?rest_route=\/wp\/v2\/pages"}],"about":[{"href":"https:\/\/sundhedshuset-rungsted.dk\/index.php?rest_route=\/wp\/v2\/types\/page"}],"author":[{"embeddable":true,"href":"https:\/\/sundhedshuset-rungsted.dk\/index.php?rest_route=\/wp\/v2\/users\/2"}],"replies":[{"embeddable":true,"href":"https:\/\/sundhedshuset-rungsted.dk\/index.php?rest_route=%2Fwp%2Fv2%2Fcomments&post=11"}],"version-history":[{"count":0,"href":"https:\/\/sundhedshuset-rungsted.dk\/index.php?rest_route=\/wp\/v2\/pages\/11\/revisions"}],"wp:attachment":[{"href":"https:\/\/sundhedshuset-rungsted.dk\/index.php?rest_route=%2Fwp%2Fv2%2Fmedia&parent=11"}],"curies":[{"name":"wp","href":"https:\/\/api.w.org\/{rel}","templated":true}]}}